ided by 5?
4
Calculate the remainder when 184 is divided by 11.
8
Calculate the remainder when 75 is divided by 24.
3
What is the remainder when 1387 is divided by 345?
7
What is the remainder when 4480 is divided by 9?
7
What is the remainder when 187 is divided by 11?
0
What is the remainder when 148 is divided by 9?
4
What is the remainder when 17 is divided by 6?
5
Calculate the remainder when 126 is divided by 17.
7
Calculate the remainder when 343 is divided by 73.
51
What is the remainder when 334 is divided by 21?
19
Calculate the remainder when 33 is divided by 9.
6
What is the remainder when 40 is divided by 20?
0
Calculate the remainder when 2770 is divided by 28.
26
Calculate the remainder when 627 is divided by 296.
35
What is the remainder when 2292 is divided by 56?
52
What is the remainder when 49 is divided by 29?
20
Calculate the remainder when 756 is divided by 38.
34
Calculate the remainder when 462 is divided by 29.
27
Calculate the remainder when 269 is divided by 69.
62
Calculate the remainder when 118 is divided by 25.
18
What is the remainder when 897 is divided by 885?
12
What is the remainder when 5820 is divided by 1?
0
What is the remainder when 1073 is divided by 1048?
25
Calculate the remainder when 481 is divided by 18.
13
What is the remainder when 196 is divided by 34?
26
What is the remainder when 2139 is divided by 5?
4
What is the remainder when 1128 is divided by 36?
12
What is the remainder when 4153 is divided by 33?
28
Calculate the remainder when 263 is divided by 115.
33
What is the remainder when 663 is divided by 215?
18
Calculate the remainder when 214 is divided by 31.
28
Calculate the remainder when 116 is divided by 25.
16
What is the remainder when 492 is divided by 38?
36
Calculate the remainder when 96 is divided by 25.
21
Calculate the remainder when 90 is divided by 24.
18
What is the remainder when 761 is divided by 38?
1
Calculate the remainder when 858 is divided by 179.
142
What is the remainder when 686 is divided by 225?
11
What is the remainder when 27 is divided by 14?
13
What is the remainder when 1845 is divided by 56?
53
What is the remainder when 271 is divided by 35?
26
Calculate the remainder when 354 is divided by 28.
18
What is the remainder when 8259 is divided by 4?
3
Calculate the remainder when 1153 is divided by 34.
31
What is the remainder when 206 is divided by 28?
10
What is the remainder when 320 is divided by 57?
35
Calculate the remainder when 245 is divided by 62.
59
Calculate the remainder when 528 is divided by 170.
18
Calculate the remainder when 442 is divided by 73.
4
What is the remainder when 348 is divided by 10?
8
Calculate the remainder when 1830 is divided by 18.
12
Calculate the remainder when 37 is divided by 21.
16
Calculate the remainder when 172 is divided by 22.
18
Calculate the remainder when 249 is divided by 61.
5
Calculate the remainder when 1410 is divided by 200.
10
What is the remainder when 1643 is divided by 22?
15
Calculate the remainder when 213 is divided by 74.
65
Calculate the remainder when 46 is divided by 13.
7
Calculate the remainder when 6765 is divided by 34.
33
Calculate the remainder when 580 is divided by 244.
92
Calculate the remainder when 1130 is divided by 556.
18
What is the remainder when 738 is divided by 93?
87
What is the remainder when 697 is divided by 116?
1
What is the remainder when 706 is divided by 26?
4
Calculate the remainder when 539 is divided by 7.
0
Calculate the remainder when 230 is divided by 40.
30
What is the remainder when 2337 is divided by 20?
17
Calculate the remainder when 84 is divided by 5.
4
Calculate the remainder when 67 is divided by 36.
31
What is the remainder when 2396 is divided by 120?
116
Calculate the remainder when 526 is divided by 2.
0
Calculate the remainder when 173 is divided by 70.
33
Calculate the remainder when 1153 is divided by 566.
21
Calculate the remainder when 78 is divided by 9.
6
What is the remainder when 33 is divided by 12?
9
What is the remainder when 100 is divided by 3?
1
Calculate the remainder when 588 is divided by 130.
68
Calculate the remainder when 6225 is divided by 889.
2
Calculate the remainder when 886 is divided by 886.
0
Calculate the remainder when 347 is divided by 10.
7
Calculate the remainder when 411 is divided by 25.
11
What is the remainder when 105 is divided by 27?
24
Calculate the remainder when 5912 is divided by 7.
4
What is the remainder when 11798 is divided by 38?
18
Calculate the remainder when 4445 is divided by 8.
5
Calculate the remainder when 284 is divided by 94.
2
Calculate the remainder when 96 is divided by 14.
12
Calculate the remainder when 425 is divided by 54.
47
Calculate the remainder when 699 is divided by 173.
7
What is the remainder when 220 is divided by 96?
28
What is the remainder when 581 is divided by 20?
1
Calculate the remainder when 14482 is divided by 71.
69
Calculate the remainder when 7619 is divided by 20.
19
What is the remainder when 3148 is divided by 18?
16
Calculate the remainder when 596 is divided by 6.
2
Calculate the remainder when 668 is divided by 21.
17
What is the remainder when 843 is divided by 119?
10
Calculate the remainder when 14 is divided by 11.
3
What is the remainder when 668 is divided by 242?
184
What is the remainder when 60 is divided by 49?
11
Calculate the remainder when 26 is divided by 11.
4
What is the remainder when 92 is divided by 15?
2
What is the remainder when 269 is divided by 27?
26
What is the remainder when 596 is divided by 46?
44
What is the remainder when 7 is divided by 7?
0
Calculate the remainder when 941 is divided by 6.
5
What is the remainder when 57 is divided by 51?
6
Calculate the remainder when 4813 is divided by 219.
214
What is the remainder when 4363 is divided by 52?
47
Calculate the remainder when 920 is divided by 416.
88
What is the remainder when 1031 is divided by 61?
55
What is the remainder when 1495 is divided by 216?
199
Calculate the remainder when 147 is divided by 27.
12
Calculate the remainder when 650 is divided by 133.
118
Calculate the remainder when 346 is divided by 119.
108
What is the remainder when 154 is divided by 32?
26
What is the remainder when 653 is divided by 16?
13
Calculate the remainder when 335 is divided by 28.
27
What is the remainder when 157 is divided by 53?
51
What is the remainder when 239 is divided by 30?
29
Calculate the remainder when 10 is divided by 1.
0
Calculate the remainder when 554 is divided by 152.
98
Calculate the remainder when 1736 is divided by 109.
101
What is the remainder when 151 is divided by 44?
19
Calculate the remainder when 2315 is divided by 43.
36
What is the remainder when 11709 is divided by 32?
29
Calculate the remainder when 460 is divided by 15.
10
Calculate the remainder when 1186 is divided by 27.
25
Calculate the remainder when 2591 is divided by 81.
80
What is the remainder when 151 is divided by 25?
1
Calculate the remainder when 134 is divided by 44.
2
Calculate the remainder when 229 is divided by 68.
25
Calculate the remainder when 214 is divided by 43.
42
Calculate the remainder when 2557 is divided by 20.
17
Calculate the remainder when 1470 is divided by 243.
12
What is the remainder when 565 is divided by 69?
13
What is the remainder when 397 is divided by 50?
47
What is the remainder when 177 is divided by 20?
17
What is the remainder when 211 is divided by 5?
1
What is the remainder when 2631 is divided by 94?
93
What is the remainder when 132 is divided by 125?
7
What is the remainder when 26 is divided by 16?
10
Calculate the remainder when 84 is divided by 45.
39
Calculate the remainder when 63 is divided by 32.
31
What is the remainder when 123 is divided by 85?
38
Calculate the remainder when 674 is divided by 22.
14
Calculate the remainder when 165 is divided by 123.
42
What is the remainder when 141 is divided by 27?
6
What is the remainder when 87 is divided by 30?
27
What is the remainder when 15059 is divided by 17?
14
Calculate the remainder when 9177 is divided by 5.
2
What is the remainder when 22 is divided by 2?
0
What is the remainder when 2446 is divided by 1217?
12
Calculate the remainder when 3989 is divided by 53.
14
What is the rema